{"id":80,"date":"2020-10-09T11:54:48","date_gmt":"2020-10-09T11:54:48","guid":{"rendered":"https:\/\/bro.lol\/?page_id=80"},"modified":"2020-10-09T14:05:38","modified_gmt":"2020-10-09T14:05:38","slug":"privacy-cookie-policy","status":"publish","type":"page","link":"https:\/\/bro.lol\/index.php\/privacy-cookie-policy\/","title":{"rendered":"Privacy &#038; Cookie Policy"},"content":{"rendered":"\n<div class=\"wp-block-columns\">\n<div class=\"wp-block-column\">\n<h2 class=\"has-text-align-left\">Privacy e trasparenza<\/h2>\n\n\n\n<p style=\"text-align: left;\"><strong><u data-rich-text-format-boundary=\"true\">OGGETTO: Informativa all&#8217;interessato in relazione al trattamento di dati personali ai sensi del regolamento Europeo 2016\/679 (GDPR)<\/u><\/strong><br data-rich-text-line-break=\"true\" \/><br data-rich-text-line-break=\"true\" \/>Ai sensi degli art. 13 e 14 Reg. (UE) 2016\/679, in relazione ai dati personali trattati, comunichiamo gli elementi essenziali dei trattamenti effettuati e in dettaglio:<br data-rich-text-line-break=\"true\" \/><br data-rich-text-line-break=\"true\" \/><strong><u>Titolare del trattamento<\/u><\/strong><br data-rich-text-line-break=\"true\" \/>Il titolare del trattamento dei dati \u00e8 DBE SRL con sede legale in via Pratelle di vetoio, 3 67100 L&#8217;Aquila P.IVA 02080810662 (di seguito <strong>LA SCRIVENTE<\/strong>), Tel. 3476383124<br data-rich-text-line-break=\"true\" \/><br data-rich-text-line-break=\"true\" \/>La scrivente informa che \u00e8 in possesso di dati anagrafici e fiscali, acquisiti anche verbalmente, direttamente o tramite terzi, a Voi relativi, dati qualificati come personali dalla Legge.<br data-rich-text-line-break=\"true\" \/><br data-rich-text-line-break=\"true\" \/><strong><u>Finalit\u00e0 del trattamento<\/u><\/strong><br data-rich-text-line-break=\"true\" \/>I dati personali sono trattati nell&#8217;ambito:<\/p>\n<p style=\"text-align: left;\">&gt;&gt; Gestione della clientela (amministrazione della clientela, amministrazione di preventivi, contratti, ordini, spedizioni, fatture, ivi compresa l&#8217;acquisizione preliminari alla conclusione del contratto).<\/p>\n<p style=\"text-align: left;\">&gt;&gt; Adempimento di obblighi fiscali o contabili.<\/p>\n<p style=\"text-align: left;\">&gt;&gt; Trattamento giuridico ed economico del personale.<\/p>\n<p style=\"text-align: left;\">&gt;&gt; Invio di materiale pubblicitario e per metterla a conoscenza di nuovi prodotti, servizi e informarla sulle nuove opportunit\u00e0 che potr\u00e0 offrire la ns. societ\u00e0.<\/p>\n\n\n\n<p class=\"has-text-align-left\"><strong>Destinatari o categorie di destinatari ai quali i dati possono essere comunicati<\/strong><br>Societ\u00e0 o persone esterne che svolgono attivit\u00e0 strettamente connesse e strumentali alla gestione del rapporto commerciale e adempimenti normativi e in ottemperanza a obblighi di legge.<\/p>\n\n\n\n<p class=\"has-text-align-left\">Professionisti e consulenti, societ\u00e0 di consulenza, istituti di credito, societ\u00e0 di recupero crediti, aziende operanti nel settore del trasporto.<br>Enti pubblici, amministrazione finanziaria, enti previdenziali.<\/p>\n\n\n\n<p class=\"has-text-align-left\"><strong>Modalit\u00e0 di trattamento<\/strong><br>Il trattamento dei dati per le finalit\u00e0 sopra esposte ha luogo su supporto elettronico e\/o cartaceo nel rispetto delle regole di riservatezza e sicurezza previste dalla legge, dai regolamenti conseguenti e disposizione interne.<br><br><strong>Natura del conferimento dei dati e conseguenze di eventuale rifiuto<\/strong><br>Alcuni dati sono indispensabili per poter instaurare e perfezionare il rapporto contrattuale. Senza il trattamento e la comunicazione dei dati di natura obbligatoria per le descritte finalit\u00e0 saremmo nelle condizioni di non poter dare esecuzione al contratto in quanto costituirebbe trattamento illecito dei dati personali.<br><br><strong>Luogo di trattamento e conservazione<\/strong><br>Trattamento e archiviazione dei dati personali avvengono presso la sede legale e\/o le sedi operative della scrivente, presso sedi operative di professionisti incaricati di svolgere attivit\u00e0 gestionali, amministrative e contabili. La conservazione ha luogo su supporto elettronico locale (Computer) e\/o Cloud\/Server.<br><br><strong>Periodo di conservazione<\/strong><br>I dati personali verranno conservati presso i ns. archivi per tutta la durata dei rapporti contrattuali instaurati e per una durata massima di dieci anni.<br><br><strong>Con riferimento a tali dati Vi informiamo che:<\/strong><br>\u2022 Il trattamento dei citati dati avverr\u00e0 da parte di incaricati e di responsabili individuati formalmente che utilizzeranno strumenti e supporti cartacei, magnetici, informatici o telematici, idonei a garantirne la sicurezza e la riservatezza. Il trattamento potr\u00e0 essere effettuato anche attraverso strumenti automatizzati atti a memorizzare, gestire e trasmettere per via telematica i dati stessi. La custodia delle banche dati viene effettuata in ambienti protetti il cui accesso \u00e8 sotto costante controllo e nel rispetto delle disposizioni di cui al Codice.<br>\u2022 I dati vengono trattati in relazione alle esigenze contrattuali ed ai conseguenti adempimenti degli obblighi legali e contrattuali dalle stesse derivanti nonch\u00e9 per conseguire una efficace gestione dei rapporti commerciali;<br>\u2022 I dati verranno trattati in forma scritta e\/o su supporto magnetico, elettronico o telematico;<br>\u2022 Il conferimento dei dati stessi \u00e8 obbligatorio per tutto quanto \u00e8 richiesto dagli obblighi legali e contrattuali e pertanto l&#8217;eventuale rifiuto a fornirli o al successivo trattamento potr\u00e0 determinare l&#8217;impossibilit\u00e0 della scrivente a dar corso ai rapporti contrattuali medesimi;<br>\u2022 Il mancato conferimento, invece, di tutti i dati che non siano riconducibili ad obblighi legali o contrattuali verr\u00e0 valutato di volta in volta dalla scrivente e determiner\u00e0 le conseguenti decisioni rapportate all&#8217;importanza dei dati richiesti rispetto alla gestione del rapporto commerciale;<br>\u2022 I dati verranno trattati per tutta la durata dei rapporti contrattuali instaurati e anche successivamente per l&#8217;espletamento di tutti gli adempimenti di legge nonch\u00e9 per future finalit\u00e0 commerciali;<br>\u2022 Ferme restando le comunicazioni e diffusioni effettuate in esecuzione di obblighi di legge, i dati potranno essere comunicati in Italia a: nostra rete di agenti, Societ\u00e0 di factoring, Societ\u00e0 di recupero crediti, Societ\u00e0 di assicurazione del credito, Societ\u00e0 di informazioni commerciali, Professionisti e consulenti, Aziende operanti nel settore del trasporto;<br>\u2022 Il Titolare del trattamento dei dati personali \u00e8 DBE SRL con sede in Via Pratelle di Vetoio, 3 67100 L&#8217;Aquila<br>\u2022 Il Responsabile del trattamento \u00e8 la persona del legale rappresentante;<br>\u2022 In ogni momento potr\u00e0 esercitare i Suoi diritti nei confronti del titolare del trattamento ai sensi dell&#8217;articolo 7 del D.Lgs 196\/2003, che per Sua comodit\u00e0 riproduciamo integralmente:<br><br><strong>Art. 7 D.Lgs 196\/2003 (Diritto di accesso ai dati personali ed altri diritti)<\/strong><br><br>1) L&#8217;interessato ha diritto di ottenere la conferma dell&#8217;esistenza o meno di dati personali che lo riguardano, anche se non ancora registrati, e la loro comunicazione in forma intelligibile.<br>2) L&#8217;interessato ha diritto di ottenere l&#8217;indicazione:<br>a) dell&#8217;origine dei dati personali;<br>b) delle finalit\u00e0 e modalit\u00e0 del trattamento;<br>c) della logica applicata in caso di trattamento effettuato con l&#8217;ausilio di strumenti elettronici;<br>d) degli estremi identificativi del titolare, dei responsabili e del rappresentante designato ai sensi dell&#8217;articolo 5, comma 2;<br>e) dei soggetti o delle categorie di soggetti ai quali i dati personali possono essere comunicati o che possono venirne a conoscenza in qualit\u00e0 di rappresentante designato nel territorio dello Stato, di responsabili o incaricati.<br>3) L&#8217;interessato ha diritto di ottenere:<br>a) l&#8217;aggiornamento, la rettificazione ovvero, quando vi ha interesse, l&#8217;integrazione dei dati;<br>b) la cancellazione, la trasformazione in forma anonima o il blocco dei dati trattati in violazione di legge, compresi quelli di cui non \u00e8 necessaria la conservazione in relazione agli scopi per i quali i dati sono stati raccolti o successivamente trattati;<br>c) l&#8217;attestazione che le operazioni di cui alle lettere a) e b) sono state portate a conoscenza, anche per quanto riguarda il loro contenuto, di coloro ai quali i dati sono stati comunicati o diffusi, eccettuato il caso in cui tale adempimento si rivela impossibile o comporta un impiego di mezzi manifestamente sproporzionato rispetto al diritto tutelato.<br>4) L&#8217;interessato ha diritto di opporsi, in tutto o in parte:<br>a) per motivi legittimi al trattamento dei dati personali che lo riguardano, ancorch\u00e9 pertinenti allo scopo della raccolta;<\/p>\n\n\n\n<p class=\"has-text-align-left\">b) al trattamento di dati personali che lo riguardano a fini di invio di materiale pubblicitario o di vendita diretta o per il compimento di ricerche di mercato o di comunicazione commerciale.<\/p>\n<\/div>\n\n\n\n<div class=\"wp-block-column\">\n<h2 class=\"has-text-align-left\">Cookies<\/h2>\n\n\n\n<h4 class=\"has-text-align-left\">Che cos&#8217;\u00e8 un cookie<\/h4>\n\n\n\n<p class=\"has-text-align-left\">Un cookie http o, semplicemente, cookie, \u00e8 una stringa di testo di piccole dimensioni inviata da un server ad un web client (solitamente un browser), successivamente mandata indietro dal client al server ogni volta che il client accede allo stesso dominio web, che viene utilizzata per eseguire autenticazioni automatiche, tracciamento di sessioni di navigazione e memorizzazione di informazioni sugli utenti, come i siti web preferiti o le pagine di un sito visitate pi\u00f9 di frequente. Alcuni cookie sono necessari al corretto funzionamento del sito e non possono essere disabilitati mentre altri, riguardanti la memorizzazione di parametri di preferenza, come la memorizzazione del nome utente, possono essere disabilitati. Tuttavia, il vantaggio di avere i cookie installati nel proprio pc \u00e8 quello di non avere pi\u00f9 bisogno di compilare le stesse informazioni ogni qualvolta si accede ad un sito visitato in precedenza.<\/p>\n\n\n\n<h4 class=\"has-text-align-left\">Cookie tecnici<\/h4>\n\n\n\n<p class=\"has-text-align-left\">I cookie tecnici, di sessione o persistenti, sono gestiti direttamente dal proprietario e\/o responsabile del sito web, non raccolgono informazioni sull\u2019utente utilizzabili ai fini di invio materiale pubblicitario, n\u00e9 tengono traccia della navigazione dell\u2019utente nel web, ma la loro installazione \u00e8 condizione necessaria per l\u2019utilizzo del sito. Non \u00e8 necessario fornire il consenso a questi cookie, cos\u00ec come riportato dal provvedimento sull\u2019 Individuazione delle modalit\u00e0 semplificate per l\u2019informativa e l\u2019acquisizione del consenso dei cookie del Garante per la protezione dei dati personali dell\u20198 maggio 2014.<\/p>\n\n\n\n<h4 class=\"has-text-align-left\">Cookie di terze parti<\/h4>\n\n\n\n<p class=\"has-text-align-left\">I cookie di \u201cterze parti\u201d sono predisposti e gestiti da parti estranee al sito web visitato dall\u2019utente. I cookie di \u201cterze parti\u201d possono includere anche cookie di profilazione.<br>Nello specifico si tratta di:<\/p>\n\n\n\n<p class=\"has-text-align-left\"><strong>Cookie Analytics<\/strong>: sono i cookie utilizzati per raccogliere e analizzare in maniera statistica gli accessi al sito web, senza indentificare in maniera personale il singolo visitatore del sito. Tra i cookie analytics utilizzati dal nostro sito rientrano quelli di Google, che, in taluni casi, permettono di associare, in maniera anonima, il singolo utente ai diversi dispositivi con i quali accede al sito;<\/p>\n\n\n\n<p class=\"has-text-align-left\"><strong>Cookie Advertising:<\/strong> fanno parte di questa categoria i cookie utilizzati per raccogliere le preferenze dei singoli utenti e utilizzarle ai fini pubblicitari, durante la sua consueta navigazione sul web. Tali cookie non determinano l\u2019invio di materiale pubblicitario al cliente. Tra i cookie advertising utilizzati dal nostro sito rientrano quelli di Google e Facebook.<br>I cookie utilizzati da Google e Facebook (tramite i relativi &#8220;pixel&#8221;) servono a compiere operazioni di remarketing.<\/p>\n\n\n\n<p class=\"has-text-align-left\">E\u2019 possibile ricevere maggiori informazioni e disabilitare i cookie di terze parti accedendo alle seguenti pagine:<\/p>\n\n\n\n<div class=\"wp-block-group\"><div class=\"wp-block-group__inner-container\">\n<ul><li><a href=\"https:\/\/tools.google.com\/dlpage\/gaoptout\/\" target=\"_blank\" rel=\"noreferrer noopener\">Google<\/a><\/li><li><a href=\"https:\/\/support.google.com\/google-ads\/answer\/2407785?hl=it\" target=\"_blank\" rel=\"noreferrer noopener\">Google Ads<\/a><\/li><li><a href=\"https:\/\/it-it.facebook.com\/help\/568137493302217\/list\" target=\"_blank\" rel=\"noreferrer noopener\">Facebook<\/a><\/li><\/ul>\n<\/div><\/div>\n\n\n\n<h4 class=\"has-text-align-left\">Com&#8217;\u00e8 possibile inibire i cookie<\/h4>\n\n\n\n<p class=\"has-text-align-left\">Modificando le impostazioni del proprio browser Internet \u00e8 possibile gestire, limitare o bloccare del tutto i cookie.<br>Di seguito ti rimandiamo alle procedure di disabilitazione cookie relative a ciascun browser:<\/p>\n\n\n\n<ul><li><a href=\"https:\/\/support.microsoft.com\/en-us\/help\/17442\/windows-internet-explorer-delete-manage-cookies\" target=\"_blank\" rel=\"noreferrer noopener\">Internet Explorer<\/a><\/li><li><a href=\"https:\/\/support.google.com\/chrome\/answer\/95647?hl=it&amp;p=cpn_cookies\" target=\"_blank\" rel=\"noreferrer noopener\">Chrome<\/a><\/li><li><a href=\"https:\/\/support.mozilla.org\/it\/kb\/Disattivare%20i%20cookie%20di%20terze%20parti\" target=\"_blank\" rel=\"noreferrer noopener\">Firefox<\/a><\/li><li><a href=\"https:\/\/support.apple.com\/it-it\/HT201265\" target=\"_blank\" rel=\"noreferrer noopener\">Safari<\/a><\/li><\/ul>\n\n\n\n<p class=\"has-text-align-left\">Per eliminare i cookie dal browser del proprio smartphone o tablet \u00e8 necessario far riferimento al manuale d\u2019uso del dispositivo in oggetto.<\/p>\n\n\n\n<p class=\"has-text-align-left\"><strong>Informativa aggiornata al 17\/07\/2020<\/strong><\/p>\n<\/div>\n<\/div>\n","protected":false},"excerpt":{"rendered":"<p>Privacy e trasparenza OGGETTO: Informativa all&#8217;interessato in relazione al trattamento di dati personali ai sensi del regolamento Europeo 2016\/679 (GDPR)Ai sensi degli art. 13 e 14 Reg. (UE) 2016\/679, in relazione ai dati personali trattati, comunichiamo gli elementi essenziali dei trattamenti effettuati e in dettaglio:Titolare del trattamentoIl titolare del trattamento dei dati \u00e8 DBE SRL [&hellip;]<\/p>\n","protected":false},"author":2,"featured_media":0,"parent":0,"menu_order":0,"comment_status":"closed","ping_status":"closed","template":"","meta":[],"yoast_head":"<!-- This site is optimized with the Yoast SEO plugin v15.0 - https:\/\/yoast.com\/wordpress\/plugins\/seo\/ -->\n<meta name=\"robots\" content=\"index, follow, max-snippet:-1, max-image-preview:large, max-video-preview:-1\" \/>\n<link rel=\"canonical\" href=\"https:\/\/bro.lol\/index.php\/privacy-cookie-policy\/\" \/>\n<meta property=\"og:locale\" content=\"it_IT\" \/>\n<meta property=\"og:type\" content=\"article\" \/>\n<meta property=\"og:title\" content=\"Privacy &amp; Cookie Policy - Bro - Bar and more\" \/>\n<meta property=\"og:description\" content=\"Privacy e trasparenza OGGETTO: Informativa all&#8217;interessato in relazione al trattamento di dati personali ai sensi del regolamento Europeo 2016\/679 (GDPR)Ai sensi degli art. 13 e 14 Reg. (UE) 2016\/679, in relazione ai dati personali trattati, comunichiamo gli elementi essenziali dei trattamenti effettuati e in dettaglio:Titolare del trattamentoIl titolare del trattamento dei dati \u00e8 DBE SRL [&hellip;]\" \/>\n<meta property=\"og:url\" content=\"https:\/\/bro.lol\/index.php\/privacy-cookie-policy\/\" \/>\n<meta property=\"og:site_name\" content=\"Bro - Bar and more\" \/>\n<meta property=\"article:modified_time\" content=\"2020-10-09T14:05:38+00:00\" \/>\n<meta name=\"twitter:card\" content=\"summary_large_image\" \/>\n<script type=\"application\/ld+json\" class=\"yoast-schema-graph\">{\"@context\":\"https:\/\/schema.org\",\"@graph\":[{\"@type\":\"WebSite\",\"@id\":\"https:\/\/bro.lol\/#website\",\"url\":\"https:\/\/bro.lol\/\",\"name\":\"Bro - Bar and more\",\"description\":\"Bar, ristorante, pub L&#039;Aquila\",\"potentialAction\":[{\"@type\":\"SearchAction\",\"target\":\"https:\/\/bro.lol\/?s={search_term_string}\",\"query-input\":\"required name=search_term_string\"}],\"inLanguage\":\"it-IT\"},{\"@type\":\"WebPage\",\"@id\":\"https:\/\/bro.lol\/index.php\/privacy-cookie-policy\/#webpage\",\"url\":\"https:\/\/bro.lol\/index.php\/privacy-cookie-policy\/\",\"name\":\"Privacy & Cookie Policy - Bro - Bar and more\",\"isPartOf\":{\"@id\":\"https:\/\/bro.lol\/#website\"},\"datePublished\":\"2020-10-09T11:54:48+00:00\",\"dateModified\":\"2020-10-09T14:05:38+00:00\",\"inLanguage\":\"it-IT\",\"potentialAction\":[{\"@type\":\"ReadAction\",\"target\":[\"https:\/\/bro.lol\/index.php\/privacy-cookie-policy\/\"]}]}]}<\/script>\n<!-- \/ Yoast SEO plugin. -->","_links":{"self":[{"href":"https:\/\/bro.lol\/index.php\/wp-json\/wp\/v2\/pages\/80"}],"collection":[{"href":"https:\/\/bro.lol\/index.php\/wp-json\/wp\/v2\/pages"}],"about":[{"href":"https:\/\/bro.lol\/index.php\/wp-json\/wp\/v2\/types\/page"}],"author":[{"embeddable":true,"href":"https:\/\/bro.lol\/index.php\/wp-json\/wp\/v2\/users\/2"}],"replies":[{"embeddable":true,"href":"https:\/\/bro.lol\/index.php\/wp-json\/wp\/v2\/comments?post=80"}],"version-history":[{"count":14,"href":"https:\/\/bro.lol\/index.php\/wp-json\/wp\/v2\/pages\/80\/revisions"}],"predecessor-version":[{"id":97,"href":"https:\/\/bro.lol\/index.php\/wp-json\/wp\/v2\/pages\/80\/revisions\/97"}],"wp:attachment":[{"href":"https:\/\/bro.lol\/index.php\/wp-json\/wp\/v2\/media?parent=80"}],"curies":[{"name":"wp","href":"https:\/\/api.w.org\/{rel}","templated":true}]}}